{"id":2608,"date":"2021-06-15T21:32:24","date_gmt":"2021-06-15T20:32:24","guid":{"rendered":"https:\/\/malamik.se\/shop\/produkt\/kintsugi-kit\/"},"modified":"2022-12-12T12:19:32","modified_gmt":"2022-12-12T11:19:32","slug":"kintsugi-kit","status":"publish","type":"product","link":"https:\/\/malamik.se\/shop\/produkt\/kintsugi-kit\/","title":{"rendered":"Kintsugi-kit"},"content":{"rendered":"<p>Kintsugi \u00e4r en japansk teknik f\u00f6r att reparera trasig keramik. Ist\u00e4llet f\u00f6r att d\u00f6lja imperfektionerna s\u00e5 framh\u00e4ver man dem med guld. Traditionellt gjordes det med riktigt guld, men idag g\u00f6rs det ofta med hj\u00e4lp av resin eller lim och mika-pulver.<\/p>\n<p>Detta kit inneh\u00e5ller allt du beh\u00f6ver f\u00f6r att prova p\u00e5 tekniken. Det medf\u00f6ljer tv\u00e5 fina sm\u00e5 sk\u00e5lar som du kan ha s\u00f6nder och \u00f6va p\u00e5 innan du ger dig p\u00e5 ditt egna projekt. Instruktioner p\u00e5 svenska och engelska medf\u00f6ljer.<\/p>\n<p>Alla reparerade f\u00f6rem\u00e5l b\u00f6r endast anv\u00e4ndas till prydnad och b\u00f6r inte anv\u00e4ndas f\u00f6r att \u00e4ta eller dricka ur. Detta kit b\u00f6r enbart anv\u00e4ndas av vuxna.<\/p>\n<p>&nbsp;<\/p>\n","protected":false},"excerpt":{"rendered":"<p>Detta kit inneh\u00e5ller allt du beh\u00f6ver f\u00f6r att prova p\u00e5 tekniken. Det medf\u00f6ljer tv\u00e5 fina sm\u00e5 sk\u00e5lar som du kan ha s\u00f6nder och \u00f6va p\u00e5 innan du ger dig p\u00e5 ditt egna projekt. Instruktioner p\u00e5 svenska och engelska medf\u00f6ljer.<\/p>\n<p>Alla reparerade f\u00f6rem\u00e5l b\u00f6r endast anv\u00e4ndas till prydnad och b\u00f6r inte anv\u00e4ndas f\u00f6r att \u00e4ta eller dricka ur. Detta kit b\u00f6r enbart anv\u00e4ndas av vuxna.<\/p>\n<p>&nbsp;<\/p>\n","protected":false},"featured_media":2610,"template":"","meta":{"spay_email":""},"product_cat":[308],"product_tag":[498,499],"yoast_head":"<!-- This site is optimized with the Yoast SEO plugin v16.7 - https:\/\/yoast.com\/wordpress\/plugins\/seo\/ -->\n<title>Kintsugi-kit - M\u00e5lamiks webbshop<\/title>\n<meta name=\"robots\" content=\"index, follow, max-snippet:-1, max-image-preview:large, max-video-preview:-1\" \/>\n<link rel=\"canonical\" href=\"https:\/\/malamik.se\/shop\/produkt\/kintsugi-kit\/\" \/>\n<meta property=\"og:locale\" content=\"sv_SE\" \/>\n<meta property=\"og:type\" content=\"article\" \/>\n<meta property=\"og:title\" content=\"Kintsugi-kit - M\u00e5lamiks webbshop\" \/>\n<meta property=\"og:description\" content=\"Detta kit inneh\u00e5ller allt du beh\u00f6ver f\u00f6r att prova p\u00e5 tekniken. Det medf\u00f6ljer tv\u00e5 fina sm\u00e5 sk\u00e5lar som du kan ha s\u00f6nder och \u00f6va p\u00e5 innan du ger dig p\u00e5 ditt egna projekt. Instruktioner p\u00e5 svenska och engelska medf\u00f6ljer.  Alla reparerade f\u00f6rem\u00e5l b\u00f6r endast anv\u00e4ndas till prydnad och b\u00f6r inte anv\u00e4ndas f\u00f6r att \u00e4ta eller dricka ur. Detta kit b\u00f6r enbart anv\u00e4ndas av vuxna.  &nbsp;\" \/>\n<meta property=\"og:url\" content=\"https:\/\/malamik.se\/shop\/produkt\/kintsugi-kit\/\" \/>\n<meta property=\"og:site_name\" content=\"M\u00e5lamiks webbshop\" \/>\n<meta property=\"article:modified_time\" content=\"2022-12-12T11:19:32+00:00\" \/>\n<meta property=\"og:image\" content=\"https:\/\/malamik.se\/shop\/wp-content\/uploads\/2021\/06\/0gJObl54lRd3HjlZDy9OAAgXdS8.jpeg\" \/>\n\t<meta property=\"og:image:width\" content=\"2072\" \/>\n\t<meta property=\"og:image:height\" content=\"2400\" \/>\n<meta name=\"twitter:card\" content=\"summary_large_image\" \/>\n<meta name=\"twitter:label1\" content=\"Ber\u00e4knad l\u00e4stid\" \/>\n\t<meta name=\"twitter:data1\" content=\"1 minut\" \/>\n<script type=\"application\/ld+json\" class=\"yoast-schema-graph\">{\"@context\":\"https:\/\/schema.org\",\"@graph\":[{\"@type\":\"WebSite\",\"@id\":\"https:\/\/malamik.se\/shop\/#website\",\"url\":\"https:\/\/malamik.se\/shop\/\",\"name\":\"M\\u00e5lamiks webbshop\",\"description\":\"\",\"potentialAction\":[{\"@type\":\"SearchAction\",\"target\":{\"@type\":\"EntryPoint\",\"urlTemplate\":\"https:\/\/malamik.se\/shop\/?s={search_term_string}\"},\"query-input\":\"required name=search_term_string\"}],\"inLanguage\":\"sv-SE\"},{\"@type\":\"ImageObject\",\"@id\":\"https:\/\/malamik.se\/shop\/produkt\/kintsugi-kit\/#primaryimage\",\"inLanguage\":\"sv-SE\",\"url\":\"https:\/\/malamik.se\/shop\/wp-content\/uploads\/2021\/06\/0gJObl54lRd3HjlZDy9OAAgXdS8.jpeg\",\"contentUrl\":\"https:\/\/malamik.se\/shop\/wp-content\/uploads\/2021\/06\/0gJObl54lRd3HjlZDy9OAAgXdS8.jpeg\",\"width\":2072,\"height\":2400},{\"@type\":\"WebPage\",\"@id\":\"https:\/\/malamik.se\/shop\/produkt\/kintsugi-kit\/#webpage\",\"url\":\"https:\/\/malamik.se\/shop\/produkt\/kintsugi-kit\/\",\"name\":\"Kintsugi-kit - M\\u00e5lamiks webbshop\",\"isPartOf\":{\"@id\":\"https:\/\/malamik.se\/shop\/#website\"},\"primaryImageOfPage\":{\"@id\":\"https:\/\/malamik.se\/shop\/produkt\/kintsugi-kit\/#primaryimage\"},\"datePublished\":\"2021-06-15T20:32:24+00:00\",\"dateModified\":\"2022-12-12T11:19:32+00:00\",\"breadcrumb\":{\"@id\":\"https:\/\/malamik.se\/shop\/produkt\/kintsugi-kit\/#breadcrumb\"},\"inLanguage\":\"sv-SE\",\"potentialAction\":[{\"@type\":\"ReadAction\",\"target\":[\"https:\/\/malamik.se\/shop\/produkt\/kintsugi-kit\/\"]}]},{\"@type\":\"BreadcrumbList\",\"@id\":\"https:\/\/malamik.se\/shop\/produkt\/kintsugi-kit\/#breadcrumb\",\"itemListElement\":[{\"@type\":\"ListItem\",\"position\":1,\"name\":\"Hem\",\"item\":\"https:\/\/malamik.se\/shop\/\"},{\"@type\":\"ListItem\",\"position\":2,\"name\":\"Webbutik\",\"item\":\"https:\/\/malamik.se\/shop\/butik\/\"},{\"@type\":\"ListItem\",\"position\":3,\"name\":\"Kintsugi-kit\"}]}]}<\/script>\n<!-- \/ Yoast SEO plugin. -->","yoast_head_json":{"title":"Kintsugi-kit - M\u00e5lamiks webbshop","robots":{"index":"index","follow":"follow","max-snippet":"max-snippet:-1","max-image-preview":"max-image-preview:large","max-video-preview":"max-video-preview:-1"},"canonical":"https:\/\/malamik.se\/shop\/produkt\/kintsugi-kit\/","og_locale":"sv_SE","og_type":"article","og_title":"Kintsugi-kit - M\u00e5lamiks webbshop","og_description":"Detta kit inneh\u00e5ller allt du beh\u00f6ver f\u00f6r att prova p\u00e5 tekniken. Det medf\u00f6ljer tv\u00e5 fina sm\u00e5 sk\u00e5lar som du kan ha s\u00f6nder och \u00f6va p\u00e5 innan du ger dig p\u00e5 ditt egna projekt. Instruktioner p\u00e5 svenska och engelska medf\u00f6ljer.  Alla reparerade f\u00f6rem\u00e5l b\u00f6r endast anv\u00e4ndas till prydnad och b\u00f6r inte anv\u00e4ndas f\u00f6r att \u00e4ta eller dricka ur. Detta kit b\u00f6r enbart anv\u00e4ndas av vuxna.  &nbsp;","og_url":"https:\/\/malamik.se\/shop\/produkt\/kintsugi-kit\/","og_site_name":"M\u00e5lamiks webbshop","article_modified_time":"2022-12-12T11:19:32+00:00","og_image":[{"width":2072,"height":2400,"url":"https:\/\/malamik.se\/shop\/wp-content\/uploads\/2021\/06\/0gJObl54lRd3HjlZDy9OAAgXdS8.jpeg","path":"\/home\/malamiks\/public_html\/shop\/wp-content\/uploads\/2021\/06\/0gJObl54lRd3HjlZDy9OAAgXdS8.jpeg","size":"full","id":2610,"alt":"","pixels":4972800,"type":"image\/jpeg"}],"twitter_card":"summary_large_image","twitter_misc":{"Ber\u00e4knad l\u00e4stid":"1 minut"},"schema":{"@context":"https:\/\/schema.org","@graph":[{"@type":"WebSite","@id":"https:\/\/malamik.se\/shop\/#website","url":"https:\/\/malamik.se\/shop\/","name":"M\u00e5lamiks webbshop","description":"","potentialAction":[{"@type":"SearchAction","target":{"@type":"EntryPoint","urlTemplate":"https:\/\/malamik.se\/shop\/?s={search_term_string}"},"query-input":"required name=search_term_string"}],"inLanguage":"sv-SE"},{"@type":"ImageObject","@id":"https:\/\/malamik.se\/shop\/produkt\/kintsugi-kit\/#primaryimage","inLanguage":"sv-SE","url":"https:\/\/malamik.se\/shop\/wp-content\/uploads\/2021\/06\/0gJObl54lRd3HjlZDy9OAAgXdS8.jpeg","contentUrl":"https:\/\/malamik.se\/shop\/wp-content\/uploads\/2021\/06\/0gJObl54lRd3HjlZDy9OAAgXdS8.jpeg","width":2072,"height":2400},{"@type":"WebPage","@id":"https:\/\/malamik.se\/shop\/produkt\/kintsugi-kit\/#webpage","url":"https:\/\/malamik.se\/shop\/produkt\/kintsugi-kit\/","name":"Kintsugi-kit - M\u00e5lamiks webbshop","isPartOf":{"@id":"https:\/\/malamik.se\/shop\/#website"},"primaryImageOfPage":{"@id":"https:\/\/malamik.se\/shop\/produkt\/kintsugi-kit\/#primaryimage"},"datePublished":"2021-06-15T20:32:24+00:00","dateModified":"2022-12-12T11:19:32+00:00","breadcrumb":{"@id":"https:\/\/malamik.se\/shop\/produkt\/kintsugi-kit\/#breadcrumb"},"inLanguage":"sv-SE","potentialAction":[{"@type":"ReadAction","target":["https:\/\/malamik.se\/shop\/produkt\/kintsugi-kit\/"]}]},{"@type":"BreadcrumbList","@id":"https:\/\/malamik.se\/shop\/produkt\/kintsugi-kit\/#breadcrumb","itemListElement":[{"@type":"ListItem","position":1,"name":"Hem","item":"https:\/\/malamik.se\/shop\/"},{"@type":"ListItem","position":2,"name":"Webbutik","item":"https:\/\/malamik.se\/shop\/butik\/"},{"@type":"ListItem","position":3,"name":"Kintsugi-kit"}]}]}},"_links":{"self":[{"href":"https:\/\/malamik.se\/shop\/wp-json\/wp\/v2\/product\/2608"}],"collection":[{"href":"https:\/\/malamik.se\/shop\/wp-json\/wp\/v2\/product"}],"about":[{"href":"https:\/\/malamik.se\/shop\/wp-json\/wp\/v2\/types\/product"}],"wp:featuredmedia":[{"embeddable":true,"href":"https:\/\/malamik.se\/shop\/wp-json\/wp\/v2\/media\/2610"}],"wp:attachment":[{"href":"https:\/\/malamik.se\/shop\/wp-json\/wp\/v2\/media?parent=2608"}],"wp:term":[{"taxonomy":"product_cat","embeddable":true,"href":"https:\/\/malamik.se\/shop\/wp-json\/wp\/v2\/product_cat?post=2608"},{"taxonomy":"product_tag","embeddable":true,"href":"https:\/\/malamik.se\/shop\/wp-json\/wp\/v2\/product_tag?post=2608"}],"curies":[{"name":"wp","href":"https:\/\/api.w.org\/{rel}","templated":true}]}}